 of 2256311?
5
What is the units digit of 1983873?
3
What is the ten thousands digit of 3588684?
8
What is the ten thousands digit of 1986876?
8
What is the hundred thousands digit of 7109643?
1
What is the tens digit of 738888?
8
What is the thousands digit of 189363?
9
What is the thousands digit of 1098599?
8
What is the thousands digit of 195282?
5
What is the ten thousands digit of 11355?
1
What is the units digit of 8477476?
6
What is the hundred thousands digit of 3876676?
8
What is the ten thousands digit of 1527162?
2
What is the hundred thousands digit of 13493522?
4
What is the ten thousands digit of 326404?
2
What is the tens digit of 317215?
1
What is the tens digit of 289614?
1
What is the tens digit of 27531406?
0
What is the hundreds digit of 8317980?
9
What is the tens digit of 14200?
0
What is the hundreds digit of 2339651?
6
What is the units digit of 789463?
3
What is the thousands digit of 96210?
6
What is the ten millions digit of 22289410?
2
What is the thousands digit of 7383606?
3
What is the hundreds digit of 30530720?
7
What is the thousands digit of 6012800?
2
What is the ten thousands digit of 394622?
9
What is the thousands digit of 2234857?
4
What is the units digit of 1445623?
3
What is the ten thousands digit of 283424?
8
What is the units digit of 2651618?
8
What is the tens digit of 1526413?
1
What is the units digit of 1459055?
5
What is the thousands digit of 4351879?
1
What is the hundred thousands digit of 7639071?
6
What is the hundred thousands digit of 10874212?
8
What is the thousands digit of 9463579?
3
What is the hundred thousands digit of 461657?
4
What is the units digit of 539938?
8
What is the hundred thousands digit of 7149707?
1
What is the tens digit of 270059?
5
What is the hundreds digit of 8161496?
4
What is the ten thousands digit of 11261374?
6
What is the ten thousands digit of 10657771?
5
What is the thousands digit of 52557?
2
What is the ten thousands digit of 292454?
9
What is the units digit of 273296?
6
What is the thousands digit of 1505909?
5
What is the hundred thousands digit of 384541?
3
What is the tens digit of 10005261?
6
What is the hundreds digit of 251104?
1
What is the tens digit of 16151532?
3
What is the tens digit of 986150?
5
What is the ten thousands digit of 776620?
7
What is the tens digit of 1554310?
1
What is the units digit of 733157?
7
What is the thousands digit of 359484?
9
What is the ten thousands digit of 945904?
4
What is the units digit of 2269145?
5
What is the hundred thousands digit of 2981309?
9
What is the millions digit of 1780024?
1
What is the hundreds digit of 172452?
4
What is the hundreds digit of 4090286?
2
What is the tens digit of 125756?
5
What is the hundred thousands digit of 15054132?
0
What is the ten thousands digit of 54203?
5
What is the units digit of 8095834?
4
What is the thousands digit of 1005054?
5
What is the ten thousands digit of 8445479?
4
What is the hundred thousands digit of 551959?
5
What is the tens digit of 839164?
6
What is the units digit of 19276407?
7
What is the ten thousands digit of 1289803?
8
What is the units digit of 4168220?
0
What is the ten thousands digit of 19808?
1
What is the thousands digit of 977794?
7
What is the tens digit of 106534?
3
What is the millions digit of 12664398?
2
What is the hundred thousands digit of 138300?
1
What is the hundred thousands digit of 984544?
9
What is the tens digit of 477908?
0
What is the thousands digit of 1850270?
0
What is the thousands digit of 268889?
8
What is the units digit of 83517?
7
What is the ten millions digit of 24865059?
2
What is the hundreds digit of 252910?
9
What is the hundred thousands digit of 100919?
1
What is the tens digit of 310958?
5
What is the ten thousands digit of 55915?
5
What is the thousands digit of 522993?
2
What is the units digit of 5008899?
9
What is the ten thousands digit of 4405432?
0
What is the units digit of 1888729?
9
What is the units digit of 2041885?
5
What is the ten thousands digit of 14278017?
7
What is the hundred thousands digit of 16734948?
7
What is the hundred thousands digit of 18116801?
1
What is the units digit of 226497?
7
What is the thousands digit of 19674007?
4
What is the tens digit of 4213259?
5
What is the hundreds digit of 13068098?
0
What is the tens digit of 871258?
5
What is the tens digit of 456506?
0
What is the millions digit of 1267399?
1
What is the hundred thousands digit of 7002085?
0
What is the tens digit of 298145?
4
What is the units digit of 136515?
5
What is the hundred thousands digit of 29561146?
5
What is the hundreds digit of 2826904?
9
What is the hundreds digit of 249102?
1
What is the ten thousands digit of 406273?
0
What is the units digit of 754569?
9
What is the thousands digit of 571654?
1
What is the thousands digit of 821660?
1
What is the thousands digit of 225253?
5
What is the hundred thousands digit of 1352203?
3
What is the ten thousands digit of 313708?
1
What is the millions digit of 14986549?
4
What is the hundreds digit of 40240?
2
What is the hundreds digit of 9415?
4
What is the ten thousands digit of 6672402?
7
What is the units digit of 259554?
4
What is the thousands digit of 589702?
9
What is the units digit of 3037507?
7
What is the hundreds digit of 116621?
6
What is the units digit of 7285?
5
What is the thousands digit of 1185557?
5
What is the tens digit of 523545?
4
What is the tens digit of 27434044?
4
What is the millions digit of 2889599?
2
What is the thousands digit of 1917177?
7
What is the hundreds digit of 20290971?
9
What is the thousands digit of 845218?
5
What is the millions digit of 2364421?
2
What is the hundreds digit of 249970?
9
What is the thousands digit of 313852?
3
What is the tens digit of 991623?
2
What is the tens digit of 9419767?
6
What is the tens digit of 3797703?
0
What is the ten millions digit of 15895697?
1
What is the hundreds digit of 951779?
7
What is the thousands digit of 93017?
3
What is the units digit of 833986?
6
What is the hundreds digit of 1786763?
7
What is the millions digit of 15266711?
5
What is the ten millions digit of 17032836?
1
What is the ten thousands digit of 17617038?
1
What is the hundreds digit of 4019987?
9
What is the units digit of 48080?
0
What is the ten thousands digit of 14198282?
9
What is the units digit of 530325?
5
What is the units digit of 36747?
7
What is the thousands digit of 1626750?
6
What is the hundreds digit of 173534?
5
What is the hundreds digit of 44709?
7
What is the units digit of 5108363?
3
What is the units digit of 178605?
5
What is the units digit of 37530?
0
What is the units digit of 371819?
9
What is the thousands digit of 1273487?
3
What is the thousands digit of 1229572?
9
What is the units digit of 352177?
7
What is the hundreds digit of 5980607?
6
What is the ten thousands digit of 384966?
8
What is the ten thousands digit of 317708?
1
What is the tens digit of 2839340?
4
What is the tens digit of 17457499?
9
What is the hundreds digit of 524925?
9
What is the thousands digit of 77131?
7
What is the hundred thousands digit of 18382822?
3
What is the millions digit of 1327141?
1
What is the ten thousands digit of 4861354?
6
What is the ten millions digit of 34122412?
3
What is the thousands digit of 30615611?
5
What is the thousands digit of 182586?
2
What is the hundred thousands digit of 10322464?
3
What is the thousands digit of 1530774?
0
What is the hundreds digit of 1094279?
2
What is the thousands digit of 42244406?
4
What is the ten thousands digit of 1099063?
9
What is the hundreds digit of 2040267?
2
What is the units digit of 112691?
1
What is the hundred thousands digit of 168844?
1
What is the tens digit of 437469?
6
What is the ten thousands digit of 241093?
4
What is the tens digit of 50397?
9
What is the ten thousands digit of 5314214?
1
What is the units digit of 13110204?
4
What is the ten thousands digit of 4519312?
1
What is the hundreds digit of 2458435?
4
What is the thousands digit of 482791?
2
What is the hundred thousands digit of 883671?
8
What is the hundreds digit of 295073?
0
What is the hundreds digit of 557025?
0
What is the hundreds digit of 237815?
8
What is the hundreds digit of 20199?
1
What is the units digit 